*l + 9 = 6*k. Let o = -5 - k. Calculate b(o).
0
Let i(o) be the third derivative of -o**4/24 - 17*o**2. Give i(-3).
3
Let v(w) = -6*w - 13. Suppose -5*u = -3*u - 4. Let j(t) = 1 - 3*t + 2 - u - 7. Let g(p) = 7*j(p) - 3*v(p). What is g(-4)?
9
Suppose 2*j = -0*j - 4. Let s(k) = 4*k + 2. Let d(l) = 8*l + 5. Let g(u) = 4*d(u) - 9*s(u). Let v(o) = o - 1. Let p(q) = -3*g(q) - 8*v(q). Calculate p(j).
-6
Let g = -5 + 9. Suppose -6*z + g*z = 4. Let w(p) = 3*p + 3. What is w(z)?
-3
Let m(r) be the second derivative of -r**4/12 - 7*r**3/6 - 3*r**2 + 6*r. What is m(-5)?
4
Let u(k) = -3*k**2 + 5*k + 2. Let y(w) = 4 + 5*w**2 - w**2 - 6*w - 4 - 2. Let p(r) = 3*u(r) + 2*y(r). Give p(4).
-2
Let v(t) = 2*t + 2*t**2 + 2*t - 1 - 3*t**2. Let p(f) = -2*f - 7. Let i be p(-6). Give v(i).
-6
Let u(r) = r**2 + 7*r + 4. Let b = -6 - -1. Calculate u(b).
-6
Let k(r) = r**2 + 8*r - 7. Let s be k(-9). Suppose -2 - 4 = -3*m. Let u(a) = a + s + m + 1. What is u(0)?
5
Let t(y) = y + 4. Let r be t(-8). Let a(z) be the first derivative of -1/2*z**2 + z + 3. Calculate a(r).
5
Let g(u) be the second derivative of 3/2*u**2 - 2/3*u**3 + 4*u + 0. What is g(2)?
-5
Let n(x) = -8*x**2 - 4 + x**2 - 8*x + 6*x**2. Determine n(-6).
8
Let n(z) = z**2 + 2*z - 1. Let x be (2 - 1)/(3/(-9)). Calculate n(x).
2
Let x = -8 - -12. Let f(y) = -6*y + 1. Suppose -r = -0*r - 4. Let s(b) = -5*b. Let w(n) = r*f(n) - 5*s(n). Calculate w(x).
8
Let z = 14 - 6. Let f = 4 - z. Let a(x) = -x - 5. Let d be a(f). Let j(s) = 11*s + 1. Calculate j(d).
-10
Let m(x) = x**3 + 6*x**2 + 6*x - 1. Let t = 2 - 3. Let a = 3 - t. Suppose -24 = a*k - 4. Determine m(k).
-6
Suppose g + 3 = 4. Let u be g/(-1)*-3 + -1. Let a(p) = -p**3 + p**2 - p + 2. Give a(u).
-4
Let c(n) = 6*n**3 - 6*n + 4. Let s(j) = -5*j**3 - j**2 + 6*j - 4. Let z be 3*1 - 17/(-17). Let k(x) = z*c(x) + 5*s(x). Give k(-6).
-4
Let j(p) = 5*p**2 + p**3 + 2*p - 6*p - 1 + 7. Let a(u) = u**2 - 4*u - 51. Let o be a(9). Determine j(o).
-6
Let m(p) be the second derivative of -p**3/3 + 3*p**2 + p. Suppose -8*h - 2*h = -60. Determine m(h).
-6
Suppose -4 - 2 = -3*n. Let q(c) = 30*c + 6*c**n + 0 - 1 - 32*c. Determine q(-1).
7
Let r(v) = v**3 - 4*v**2 - 6*v + 3. Suppose x + 4 = 2*q, 2*q - 7 + 19 = 5*x. Suppose 2 = -q*k - 2. Let f(d) = 6*d**2 + d. Let u be f(k). Determine r(u).
-2
Let p(z) = -z - 8. Let s be p(-6). Let q be ((-3)/s)/((-1)/(-2)). Suppose 3*y = q*c, -2 = -3*c + 2*y - 1. Let g(x) = 2*x - 1. Calculate g(c).
1
Let g = -25 + 30. Let m be ((-1)/(-3))/(1/6). Let o(c) = -4 + 2 - 4 + m*c. Calculate o(g).
4
Suppose -2*a - 5*x + 27 = 0, -18 = a - 3*a - 2*x. Let b be (a/9)/(3/9). Let g(p) = p - 4 - b*p - 1. What is g(-4)?
-1
Let u(i) be the first derivative of -i**2/2 - 9*i + 32. What is u(-8)?
-1
Let l(d) = -3*d + d**2 + 5 + 4*d - 12. Calculate l(-5).
13
Let c(l) = -l**2 - 6*l - 3. Suppose -2*z + 14 = -52. Let w be z/(-7) + (-8)/28. Calculate c(w).
2
Let j(d) be the second derivative of -1/2*d**2 + 1/3*d**4 + d - 1/6*d**3 + 0. Give j(-1).
4
Let a(g) = 11*g**2 - 4*g - 3 + g**3 - 4*g**2 - 5*g**2. Calculate a(-4).
-19
Let l be (105/(-25) + 3)/(4/20). Let m(f) = f**3 + 7*f**2 + 6*f - 7. What is m(l)?
-7
Let c = 0 - 2. Let y(d) = -2*d**3 - 3*d**2 - 4*d - 2. Calculate y(c).
10
Let b(s) be the second derivative of s**4/12 + s**3/6 + s**2/2 - 44*s. Calculate b(-3).
7
Suppose -3*b - 2*m - 25 = 0, 5*b = 2*b + m - 10. Let x(l) = l - 3. Let w be x(4). Let g(c) = 2*c + 0*c - w - 4*c + c. Determine g(b).
4
Let g be (1 - 0)/((4 + -2)/(-10)). Let z(n) = n**3 + 6*n**2 + 3*n + 1. Calculate z(g).
11
Let m(w) be the third derivative of w**4/24 + w**3/6 - 3*w**2. Let d be -1 + (-1)/1 + -1. Give m(d).
-2
Let d be (-4 - 0)*10/8. Let w(v) be the second derivative of -v**5/20 - v**4/3 + v**3 - 3*v**2/2 + 4*v. Give w(d).
-8
Let v(f) = 2*f - 6. Let n be (-540)/(-35) + 6/(-14). Let b = n - 9. What is v(b)?
6
Let a(o) = 2*o**2 - 3*o - 4. Let s be a(3). Suppose 3*y - 2 = s*y. Let w(u) = -8*u**3 + u. Let n(c) = -17*c**3 + 3*c. Let x(d) = 2*n(d) - 5*w(d). Give x(y).
-7
Let l = 11 - 7. Suppose l*d + 14 = 2*u, u = -3*u + 2*d + 16. Let q(p) = 3 + 5 - u + p. What is q(-5)?
0
Let l(o) = -o - 5*o**3 + 6*o**3 + 9 + o**2 - 5. Calculate l(0).
4
Let h(v) be the third derivative of -v**5/60 - 5*v**4/24 + v**3 + 4*v**2. Calculate h(-6).
0
Let f = 18 + -10. Suppose -3*v = -4*b - v - 16, 2*b + 3*v = f. Let t be -3*((-2)/1)/b. Let z(m) = 3*m + 3. Determine z(t).
-6
Let n(z) be the first derivative of -5*z**2 - z - 6. Determine n(-1).
9
Let g(f) = f**3 + 5*f**2 - 7. Suppose 1 = 3*y - 2*y. Suppose y - 11 = 2*p. Determine g(p).
-7
Let k(h) be the second derivative of -h + 1/2*h**2 + 0 + 5/6*h**3. Determine k(1).
6
Let x(d) = 4*d - 2*d**2 + d + d**2 - d - 1. Calculate x(3).
2
Let j(t) = t**3 - 3*t**2 - 6*t + 3. Let b(w) = -17*w**3 + w**2 - w. Let g be b(1). Let r = g - -21. What is j(r)?
-5
Let m(d) = -d**2 - d + 7. Let j be 21/(-2) + (-2)/(-4). Let o be 2/(-4) - 5/j. Determine m(o).
7
Suppose -5*y + 5 = 3*d, 6*y = y - 2*d + 10. Let h(z) be the second derivative of -z**3/6 + 10*z. What is h(y)?
-4
Let j be 2/(-5) - (-44)/10. Let v(x) = -2*x - 5 + x**3 + 4*x**2 + x**2 - 2*x**3. What is v(j)?
3
Let d(k) = 4*k**2 - 2*k**2 + 6*k - k**2. Suppose -2*h - 2*h = 24. Give d(h).
0
Let v(s) = -s**3 + 4*s**2 + 4*s - 1. Suppose -2*n + 5 = -5. Suppose 3*h + 2 - n = 0. Suppose 0 = -3*x + a + 16, h = -0*a - a. Determine v(x).
-6
Let b = -12 + 18. Let n(m) = -4*m + b - 2 + 3*m + 0. What is n(3)?
1
Let c(a) = -5*a**3 + 2*a**2 + a. Let x be c(-1). Let m(v) = -v + 3 + 0*v - 6 + 10. Calculate m(x).
1
Let z(j) = -j**2 + 6*j. Suppose 2*x - 2*r - 14 = 0, 5*x - 34 = -r + 5*r. What is z(x)?
0
Let y(v) = 3*v**3 - 2*v**2 - 2*v - 1. Let f be (1/((-3)/12))/(-2). Suppose 1 = -3*r - r - 3*p, f*r + 11 = -5*p. Suppose 4*l - 2*l = -r. What is y(l)?
-4
Let p(q) = -q**2 + 2*q - 1. Let l(k) = -9*k**2 + 9*k - 9. Let t(a) = -l(a) + 6*p(a). Determine t(-3).
21
Let b(d) = -3*d + 18. Let j(l) = l - 6. Suppose -4*p - 12 = -4*k, k + 3*p + 11 = 3*k. Let f(t) = k*b(t) - 7*j(t). What is f(-5)?
11
Let d(a) = a**2 - 7*a. Let y = 12 - 9. Determine d(y).
-12
Let a(z) be the second derivative of z**4/8 + z**3/2 + 2*z**2 + 3*z. Let c(o) be the first derivative of a(o). What is c(-3)?
-6
Let z(j) = j**3 + 5*j**2 + 6*j + 4. Let x be z(-4). Let v(l) be the second derivative of 1/2*l**3 + 0 - l - 3/2*l**2 + 1/12*l**4. Give v(x).
1
Let i be (-3)/(-2)*12/(-6). Let s(x) = x**2 + 6*x + 3. What is s(i)?
-6
Let p(c) = c**3 + 7*c**2 - 2*c - 8. Let x(y) = y**2 - 11*y + 21. Let q be x(4). What is p(q)?
6
Let u(f) = -f - 2*f**2 + 2*f**2 + 4*f**3. Suppose 3*w - 1 = -2*c, -5 = -5*w - c - 4*c. Determine u(w).
-3
Let g(r) = 4*r**2. Let o be (2/10)/((-17)/(-85)). Give g(o).
4
Let f(p) be the first derivative of p**4/4 - 5*p**3/3 + 3*p**2/2 + 4*p + 3. Determine f(4).
0
Let i(b) = b**3 - 4*b**2 + 2*b + 4. Let n(t) = -2*t**2 - 2*t - 4. Let l(d) = -1. Let h(u) = 5*l(u) - n(u). Let w be h(-2). Give i(w).
1
Let r(h) = -8*h**2. Let s = 77 + -76. Calculate r(s).
-8
Let x = -4 - -7. Let y(d) = -3*d - d**3 + 2*d - x*d**2 + 0*d - 4 + 4*d**2. Calculate y(0).
-4
Let a = 32 - 19. Let l = a - 1. Suppose 3 = 3*f - l. Let h(b) = b**2 - 5*b + 5. Calculate h(f).
5
Let n(m) = m + 9. Let i(f) = -4*f + f + f - 19. Let q be -1 + 11 - (-1 - -5). Let b(s) = q*i(s) + 13*n(s). Give b(3).
6
Let f(y) = -y**3 - 8*y**2 + 10*y + 11. Let x be (-564)/60 + 2/5. Give f(x).
2
Let n = 30 + -32. Let v(l) = l**3 + 2*l**2 + 3*l. Calculate v(n).
-6
Let p(z) = -132*z + z**2 + 131*z + 0*z**2 - 2. Determine p(4).
10
Let t be (3*-1)/3*0. Suppose -2*k + 8 = 3*z + 2*z, t = 3*z + 5*k - 20. Let i(s) = s**3 - s**2 + 2*s. Let j(g) = g. Let a(y) = -i(y) + 2*j(y). Give a(z).
0
Let o(n) be the third derivative of -n**6/120 - n**5/15 - n**3/3 - 4*n**2. Give o(-4).
-2
Let n(z) be the third derivative of z**4/12 + z**3 - z**2. Suppose -6 = -4*y + 14. Let w = y - 9. What is n(w)?
-2
Let q(y) = y + y - y**2 - 1 + 2*y**2 - y. Let x(l) = -7*l**3 - l**2 - l + 1. Let w(a) = -2*q(a) - x(a). Calculate w(1).
6
Let z(t) = t**3 + t - 1. Suppose 0 = -11*c + 9*c - 4. Give z(c).
-11
Let j = 19 + 6. Suppose 4*s + j = -s, 0 = 2*f + s + 1. Let z(c) = 2*c**2 + c**3 - 4*c**f + c + c. Determine z(2).
4
Let o(z) = -51 + 19 + 2*z + 16 + 14. Determine o(6).
10
Let